).
-14
Let f(d) = 62*d - 1218. Let h(n) = -41*n + 828. Let i(y) = -5*f(y) - 7*h(y). Determine i(13).
-5
Let q(n) = -n**2 + 7*n - 5. Suppose -2*l - 15 = 23. Let s = -5 - l. Let x be 8/s*(-147)/(-14). Calculate q(x).
1
Let q(h) be the first derivative of -h**5/20 + h**4/3 + h**2 + 62*h - 69. Let w(s) be the first derivative of q(s). Give w(3).
11
Let f(a) = a**3 - 6*a**2 - 7*a + 1. Let c(t) = t**3 - 11*t**2 - 12*t. Let k be c(12). Let w(u) = -6*u - 7. Let n be w(-2). Suppose k = -o + 2 + n. Give f(o).
1
Let i(x) = 10*x**2 + 9*x + 53. Let y be i(-7). Let z = -477 + y. Let a(g) = g - 11. Give a(z).
-8
Let i(n) = -n**2 - 2*n + 5. Suppose 31*x - 35*x = 4*k + 32, 0 = 2*k + 12. Determine i(x).
5
Let k(f) be the second derivative of -1/3*f**3 + 0 + 0*f**2 + 124*f. Give k(4).
-8
Let f(u) be the second derivative of u**5/20 - u**4/4 + 5*u**3/3 - 21*u**2/2 + 953*u. What is f(3)?
9
Let p(w) = -3*w + 4. Let y = -4098 - -4100. What is p(y)?
-2
Let a(u) = -10*u**3 + 3*u**3 + 6*u**3 - 2*u - 3 + 14*u + 7*u**2. Calculate a(8).
29
Let q(d) = 589*d**2 - 590*d**2 + 9 + d - 8 - d**3. Suppose k = 2 + 6. Let l = k - 11. Calculate q(l).
16
Suppose 585 = -61*x - 208. Let u(g) = -3*g - 2. Give u(x).
37
Let c(g) be the third derivative of g**5/20 - 2*g**4/3 + 25*g**3/6 + 9316*g**2. What is c(4)?
9
Let b(q) = -2*q**3 - 2*q**2 - 5*q - 7. Let t be (814/(-33) - -22) + (-1)/3. What is b(t)?
44
Suppose -5*c - 4 = -19. Let r be (18/(-5))/c*-5. Let w(n) = 17*n - 22*n + 3*n + 7. What is w(r)?
-5
Let o(s) = -s**2 + 3*s + 1. Let h(z) = -z**3 + 8*z**2 - 4*z + 13. Let w be h(7). Let g = -30 + w. Suppose -5*v - 4 = 2*c - 10*v, -v + 14 = g*c. What is o(c)?
1
Let j(l) = -3*l - 4. Let u = 33 + -28. Let d(r) = 2*r + 2. Let v(c) = u*d(c) + 3*j(c). Give v(4).
2
Suppose 2*v - 4 + 16 = 0. Let t(z) = 2 - 4*z - 7 + 12*z + 7 - 9*z. Determine t(v).
8
Let d(x) be the third derivative of x**7/2520 + x**6/144 - 77*x**5/60 - 14*x**2. Let w(y) be the third derivative of d(y). What is w(-8)?
-11
Let n(s) = -2*s**3 - 3*s**2 - 4*s - 2. Let a be 5/30*9 + 195/6. Let i be (1 - (-2)/(-4))*72. Let g = a - i. Give n(g).
10
Let c = -18 + 25. Let w(i) = -10 - 2*i**3 - 115*i**2 + 7*i + 3*i**3 + 0 + 107*i**2. Give w(c).
-10
Let k(o) be the third derivative of -o**5/20 + o**4/12 - o**3/6 + o**2. Let h(c) = 2*c**3 + c**2 + 3*c + 13. Let n be h(0). Suppose n*a - 17 + 4 = 0. Give k(a).
-2
Let p(m) = m**2 - 10*m + 10. Let w(s) = -s**3 - 50*s**2 + 67*s + 825. Let c be w(-51). What is p(c)?
1
Let r(i) = 62*i + 43 - i**2 + 10 - 60*i. What is r(-7)?
-10
Suppose 0 = -458*t + 750 + 222 + 402. Let q(n) = 27*n - 65. Determine q(t).
16
Let k(v) = 5*v**2 + 65*v + 10. Let d(x) = -36*x**2 - 453*x - 66. Let r(q) = -2*d(q) - 15*k(q). Determine r(-23).
-18
Let p(c) = -27*c - 101. Let f = -1031 - -1027. Calculate p(f).
7
Let b(k) be the second derivative of -k**6/120 + k**5/120 - 10*k**3/3 + k**2 - 36*k. Let v(p) be the second derivative of b(p). Calculate v(-1).
-4
Suppose 55*z - 50*z + 35 = 0. Let u(v) = -16*v - 2. Let p(l) = 7*l + 1. Let m(q) = z*p(q) - 3*u(q). Give m(0).
-1
Let w be 36/2 - (-523 + 541). Let a(k) be the third derivative of -1/24*k**4 + w + 0*k**3 + 9*k**2 - 1/30*k**5 + 0*k. Give a(-1).
-1
Let i(m) = m**3 + 7*m**2 - m - 10. Let t be i(-7). Let p(v) be the second derivative of -1/4*v**4 - 1/2*v**2 + 63*v - 2/3*v**3 - 1. Calculate p(t).
-16
Let s = 578 + -576. Let q(b) = 4*b + b**3 + 12*b**s - b**3 - 3*b + b**3 + 0*b**3 + 13. Give q(-12).
1
Let a be 6/(-54)*-6 + 32/6. Suppose 159*u - 165*u + a = 0. Let y(q) = -8*q - 6. Let r(d) = 23*d + 17. Let t(m) = 6*r(m) + 17*y(m). Calculate t(u).
2
Suppose 3*z - 22 = z + 4*i, -5*i - 31 = -3*z. Let w(l) be the first derivative of -l**3/3 + 11*l**2/2 - 9*l + 153516. What is w(z)?
19
Let w(q) be the third derivative of q**6/120 - q**5/60 - 23*q**4/24 + 11*q**3/6 + 2*q**2 + 294*q. Calculate w(5).
-4
Let g = -6130 - -6145. Let l(s) = -s**2 + 11*s + 43. Calculate l(g).
-17
Let f(v) be the first derivative of -v**4/4 + 3*v**3 + 3*v**2/2 - 21*v + 9. Let y be f(9). Let p(s) = y*s**2 - 52*s**3 - 6*s - 2 - 3 + 53*s**3. What is p(-7)?
-12
Let q be (-27)/(-5) + (-2)/5. Let r(o) = 2*o + 64. Let b be r(-31). Let n(k) = 11130*k**3 + 2*k**2 - 6 + 7*k - 8*k**b - 11129*k**3. What is n(q)?
4
Let m(y) = -2*y**3 - y. Let a(n) = 7*n**3 - 3*n**2 - 4*n - 2. Let u(w) = -a(w) - 4*m(w). Determine u(-3).
-22
Let j be 4 - (-24)/(-14) - 4/14. Let r be ((-1)/j)/((-1)/6). Let i(f) = -f + 1. Let o(c) = c - 1. Let n(l) = i(l) + 5*o(l). What is n(r)?
8
Let a(d) = -335252*d**2 - d**3 + 335273*d**2 - 5*d + 25 + 6*d. Determine a(21).
46
Let l(g) = 5*g - 21 + 169 + 9 - 39 - 35. What is l(-16)?
3
Let q(f) = 15*f + 18. Let w(x) = 20*x + 14. Let o(a) = -5*q(a) + 4*w(a). Determine o(12).
26
Suppose 0 = -2*h - 2*a + 54, 5*h - 4*h - a - 33 = 0. Let m be ((-42)/35)/((-12)/h). Let v(x) = x**3 - x**2 - 4*x - 1. Give v(m).
5
Let f = 16421 + -16436. Let t(i) = -i**2 - 19*i - 6. Give t(f).
54
Let k(v) = v**3 - 38*v**2 + 129*v + 227. Let s be k(34). Let t(o) = -12*o - 72. Determine t(s).
60
Let t(l) = l**2 - 8*l - 4. Let d(f) be the first derivative of -2*f**2 - 48*f + 18. Let b be d(-14). Calculate t(b).
-4
Let l(a) = -2*a**2 + 10*a - 2. Let d(w) = 20*w**3 + 2*w**2 + 5*w - 4. Let v be d(3). Suppose 557 = -3*m + v. Determine l(m).
6
Let a(c) = -6*c - 2. Suppose 107*j + 785 + 88 = -184*j. Determine a(j).
16
Let z(g) = 229*g + 1824. Let h be z(-8). Let s(r) = -r**2 - 19*r - 5. Determine s(h).
83
Let i be (-2)/(-5)*(-10)/2. Let u be (i - (2 - 3)) + 12/3. Let c(a) = 5*a**2 - 3*a**3 + 4*a - 6 + 2*a**u + 6 - 1. What is c(6)?
-13
Let x = -23 - -27. Suppose -z = 5*s + 11 - 48, x*z - 4*s - 220 = 0. Let p be (z/8)/13 - (-22)/4. Let f(m) = -m**3 + 5*m**2 + 6*m - 4. Give f(p).
-4
Let u(l) = 9*l + 42. Let r be u(-4). Let d(z) = -6*z + 15. Let v(c) = -3*c + 8. Let t(n) = r*d(n) - 11*v(n). What is t(4)?
-10
Let s(x) = 7*x**2 + 4*x + 18. Let v(q) = 3*q**2 + q + 7. Let c(k) = 2*s(k) - 5*v(k). Determine c(0).
1
Suppose 126*y - 1612 = 130*y. Let m = 397 + y. Let b(o) = 2*o**2 + 5*o - 1. What is b(m)?
41
Let s(z) be the first derivative of z**3/3 - 9*z**2/2 - 59*z - 63. Let w be s(14). Let x(i) = -i**3 + 11*i**2 + i - 14. Give x(w).
-3
Let f(r) = -r**2 + 7*r + 4. Let w be (-48)/(-6) + -3 + -6 + 3. Suppose -7*o - 3*h = -2*o - 33, w*h + 16 = 3*o. What is f(o)?
10
Let a(g) = g**2 - 9*g + 5. Let y(v) = -2*v**2 - 2*v + 6. Let o be y(0). Suppose -o*t + 43 = -5. Give a(t).
-3
Let d(r) = -2*r**2 + 58*r - 2. Let w(t) = -t**3 - 10*t**2 + 23*t + 17. Let b be w(-12). Let u be d(b). Let z(j) = 2*j**3 + 2*j**2 + j - 2. What is z(u)?
-12
Let g(c) = -c - 8. Let w be g(-6). Suppose -264 = 28*v - 116*v. Let a be (v + 29)/4 + (w - 0). Let r(z) = z + 5. Give r(a).
11
Let p = -411 - -416. Suppose -4*b - 39 = -p*i + 6*i, 4*b + 4*i + 48 = 0. Let r(o) = -o + 1. Determine r(b).
10
Let c(r) = -3*r - 2. Let d(b) = -13*b - 9. Let q be -7 - (-12)/(-30)*5. Let v(m) = q*c(m) + 2*d(m). What is v(1)?
1
Let m(o) = 2*o**3 - 4*o**2 - 11*o + 6. Let x(q) = -q**3 + 44*q**2 - 33*q + 1457. Let z be x(44). Determine m(z).
101
Let y(x) be the first derivative of 19*x**2/2 - 14*x + 4015. Determine y(-4).
-90
Let b(k) = -k**2 - k - 22. Let j = -125 + 156. Suppose 5*m = j*m. Determine b(m).
-22
Let d(b) = -22*b + 63. Let x be (-1 - 0)*3 + ((-55)/(-5) - 5). Give d(x).
-3
Suppose -5*w - 3*p = -6, -p = 2*w - 6*w - 2. Suppose -5*y + 10*y - 40 = w. Let g(c) = 20*c - 30*c - 3*c**2 - y + 2*c**2. Determine g(-6).
16
Let c be (1 - -1*1)/((-76)/(-722)). Suppose 2*r - 23 = -c. Let h(d) = -2*d**r - 78*d - 10 + d**2 + 66*d. Determine h(-10).
10
Let r(k) = -8*k**2 - 10. Let v(s) = -11*s**2 - 16. Let m(f) = 4*r(f) - 3*v(f). Determine m(0).
8
Let d(v) = -v**2 - 2*v - 6. Let w = -874 + 864. Let f = 6 + -21. Let h = f - w. Calculate d(h).
-21
Let w be (-6)/(-24) + (3 - (-47)/4). Let o be w/7 + (-13)/91. Let f(p) = 4*p**3 - 4*p - p**2 - 6*p**3 + 3*p**3 + 3. Give f(o).
-1
Let s(k) be the second derivative of k - 1/6*k**3 - 4 + 4*k**2. What is s(0)?
8
Let b(j) = j**2 - 25*j - 3. Let z = -38861 - -38887. Calculate b(z).
23
Let i(t) = -2*t**2 - 7*t + 6. Let j(d) = -3*d**2 + 3. Let m(c) = i(c) - j(c). Let x = 30 - 23. Give m(x).
3
Let r(x) = -9 - 83*x - 96*x + 186*x - x**2. Determine r(11).
-53
Let l(p) = -3 - 48 + 